 Let o be i(-2). Suppose 43*s - o = 26*s. Is s prime?
True
Suppose 0 = f + 5*z - 1384, f + z - 1400 = -0*f. Suppose 0 = -3*r - f + 5544. Suppose 4*n - u - r = 0, -673 = 5*n - 3*u - 2391. Is n composite?
True
Let d(v) = -5 + 7*v + 72*v**2 + v**3 - 72*v**2. Let f be d(7). Suppose f + 186 = 3*s. Is s a composite number?
False
Suppose -5*h + 5*s + 34 = 4*s, -h + 2*s = -14. Suppose 0 = -h*t - 3*t + 88119. Is t prime?
True
Let p(j) = -30095*j - 1239. Is p(-4) a prime number?
False
Suppose 5*w + 3*n = 2822, w = -2*n - 206 + 769. Let v = w + 554. Is v composite?
True
Let q = -7249 + 10740. Is q composite?
False
Let v(w) = -844308*w**3 - w**2 - 28*w - 51. Is v(-2) composite?
True
Let t(d) = 15*d**2 - 3*d + 25. Suppose 2*m = 10*m - 72. Is t(m) a composite number?
False
Suppose -4*g + 5*b - 13519 = -52322, -3*g = b - 29107. Suppose -3*q = -g + 921. Is q composite?
False
Let x = 97770 + -31367. Is x a prime number?
True
Suppose 5*h - 6*s - 239653 = 0, -19742 + 163545 = 3*h - 2*s. Is h a composite number?
False
Suppose 0 = -4*t + 16, -100 = -4*n - 5*t + t. Let w = -17 + n. Is (w - 2 - 3)*-133 a composite number?
True
Suppose 0 = 7*b - 125 + 6. Suppose -5511 = 14*d - b*d. Is d a composite number?
True
Let l = 138 + 789. Let o = l - 367. Let q = -397 + o. Is q prime?
True
Is 49069 - (48/40*5/(-2) + 3) a prime number?
True
Suppose 0 = 5926*b - 5958*b + 4263712. Is b composite?
False
Is (57415716/486)/((-6)/(-27)*3) composite?
False
Let f(l) be the second derivative of -l**5/20 + 5*l**4/3 - 3*l**3 - 21*l**2 - 37*l. Let g be f(17). Suppose 1394 = 3*i + 5*v - g, 3*v = 12. Is i prime?
True
Suppose 205*l - 43*l - 2535786 = 0. Is l composite?
True
Suppose 4*s = 4*w + 187856, -2*s + 4*w + 24305 + 69615 = 0. Suppose -s = -53*v + 29*v. Is v a prime number?
False
Suppose 10886 = 4*a - 2*f, 5*a - 2420 = -f + 11170. Is a composite?
False
Let g be (6/15)/((-11)/(-55)). Suppose 883 = -g*y + 2217. Is y prime?
False
Suppose 78*u - 31*u = 8267347. Is u a composite number?
True
Let f be -5 - (2 - -4)*-88. Suppose -2*s - 1081 = 5*h - 3696, -h + f = -s. Is h a composite number?
False
Let g(j) = 314*j**2 - 77*j - 2123. Is g(-18) prime?
True
Suppose 115 = 9*j - 11. Suppose -j*q = -52035 + 14977. Is q a prime number?
True
Let i be (-4)/(-8) - (-138)/(-12). Let d be (-152)/i - (-46)/253. Suppose d*c - 9*c - 1675 = 0. Is c a prime number?
False
Let l(u) be the third derivative of u**5/60 + u**4/6 - 5*u**3/6 - 14*u**2. Let k be l(-5). Suppose 3*y - 8*y + 445 = k. Is y prime?
True
Let w(z) = 164 - 78*z**3 + 7*z**2 - 4*z**2 - 141. Is w(-6) composite?
False
Suppose -13*x = 28564 - 4215. Let a = 1534 - x. Is a a composite number?
False
Let j = 110841 + 47320. Is j a prime number?
True
Let k be 3/(117/6) + 24/13. Suppose z - 3 = 0, -k*z = -4*m + z + 5035. Is m a prime number?
False
Let c(g) = -6*g**3 - 6*g**2 + 3*g - 14. Let o be (-6 - -7)/(3/(-15)). Is c(o) a prime number?
True
Let x be (-11)/(66/(-10152)) + 1*-1. Suppose -x + 115 = -4*u - 2*f, 0 = 5*u - 4*f - 1957. Is ((-8)/(-12) + (-3)/(-9))*u a composite number?
True
Suppose 1 + 3 = 2*p. Suppose r + 5*b + 109 = 502, -2*r - p*b = -762. Suppose -3521 = -5*m - 3*d, 3*m - 1739 - r = -4*d. Is m prime?
False
Is (-41803)/(-15) + 42/315 prime?
False
Let k = -4941 + 3098. Let z = k + 4468. Suppose 3*t = 3*s - z, -2*s - 3*t + 4407 = 3*s. Is s composite?
True
Let g(r) = r**3 - 181*r - 19*r**2 + 52*r**2 + 207*r + 59. Is g(-28) composite?
False
Let o(u) = 16728*u + 1781. Is o(30) composite?
False
Let a(k) = 1793*k**2 + 241*k + 27. Is a(14) a composite number?
False
Let j = -497 + 495. Is 1/((-9)/j) + (-306125)/(-45) prime?
True
Let c(r) = 40*r - 62. Let g be c(-43). Suppose 2*i = 3*z + 5797, i + 14490 = 6*i - 5*z. Let s = i + g. Is s composite?
True
Suppose -5*o + 82 + 153 = 3*b, -2*o = -b + 82. Is -4555*(-4*(-68)/b - 4) a prime number?
False
Is 17 + (-307576)/(-20) - ((-12)/10)/1 a composite number?
True
Let j = -66 + 66. Suppose a - 6 - 1090 = j. Suppose -3*r = -a - 743. Is r a composite number?
False
Let z be (-3358)/(-8) + (0 - (-6)/(-8)). Let b = -20 - 28. Let j = b + z. Is j composite?
True
Let n be (16624/(-24))/(4/6). Let p = n + 7154. Is p composite?
True
Suppose 2*l - 137 = -3*f, 5*f + 6*l - 235 = l. Let g = -43 + f. Suppose 8181 = 5*z - 2*i, -5*z = -g*z - i - 8183. Is z prime?
True
Is (-3)/(-15) - (2 - (-880070)/(-25)) a composite number?
False
Suppose -49 - 39 = -4*k. Let i(t) be the third derivative of 101*t**4/24 - 19*t**3/6 - 37*t**2. Is i(k) a prime number?
True
Suppose -3061828 = -15*u + 1149467. Is u composite?
True
Suppose 63*y - 68*y + 480 = 0. Let w = -91 + y. Suppose -3*l - 4*g = 447 - 3118, -w*g + 1783 = 2*l. Is l a composite number?
True
Suppose -4 + 1 = m. Let x be 1/(((-15)/(-215))/m). Is x*(-5 + (5 - 1)) a composite number?
False
Suppose -145 + 2545 = 3*m. Suppose -9*p = -m - 451. Is p prime?
True
Suppose -5*j + 9 = 4*j. Is (-2 - (7 - 5)) + (j - -3308) composite?
True
Is 6/27 + 14429881/36 - 708/(-944) composite?
True
Suppose 83*v + 85*v = 123*v + 1920825. Is v composite?
True
Let r(v) = -17*v**3 + 3*v**2 - 3*v - 4. Suppose -118 = 5*n + 82. Let o = n - -37. Is r(o) a composite number?
False
Suppose -16 = -5*l + 4. Let n(r) = -115*r**3 + 14*r**2 + 44*r + 21. Let q be n(9). Is q/(-84) + l/(-7) a prime number?
False
Is 11/((-176)/24) + (-2084345)/(-10) prime?
True
Suppose 0 = -1474*s + 1415*s + 449344. Let x = -806 + -3071. Let c = x + s. Is c prime?
True
Let i(w) = -23*w + 1. Let b(j) = -11*j + 1. Let g(s) = 13*b(s) - 6*i(s). Suppose -19*u = 430 - 221. Is g(u) composite?
True
Suppose -5*m + 3*x = -3344, x - 620 = -m + 44. Suppose -r + 210 = -257. Suppose 4*p + 2*z - 855 - r = 0, -2*p + 5*z + m = 0. Is p a composite number?
False
Let t be (-464)/(-12)*153/6. Let z = -577 + t. Is z a composite number?
False
Suppose 182*j = -77*j - 20*j + 12180303. Is j a prime number?
False
Suppose 3*t - 1206135 = 2*i, 5*t + i = -17*t + 8844896. Is t prime?
False
Let a(l) = 5735*l**2 + 5*l - 7. Is a(5) a composite number?
True
Suppose -3*o - 5*r = -3*r - 5068, -4*o + r + 6750 = 0. Suppose -6*h = 2*h - o. Let d = h - 84. Is d composite?
False
Let h(w) = -w**2 + 19*w + 12. Let r be h(19). Let z(k) be the third derivative of 19*k**4/4 + 31*k**3/6 - 16*k**2. Is z(r) composite?
False
Let s(m) = 169*m**2 + 3*m - 17. Let r = 128 - 120. Let v be s(r). Suppose -3*i + 5*t + v = 0, -3*t - 4161 = 2*i - 11351. Is i a prime number?
False
Let j = -11158 - -16556. Suppose -j = -3*d + 7451. Is d a prime number?
True
Suppose 73325 + 32350 = 15*h. Is h a prime number?
False
Let m = 516 + -1257. Suppose 3 = -3*y, 2*z + y + 3193 = 952. Let i = m - z. Is i a composite number?
False
Let z(p) = -p**2 - 6*p + 66. Let x be z(-4). Suppose -213 = i - 2*i. Suppose -r + i = x. Is r prime?
True
Suppose p - 36026 = -5*q, -2*q = -9 + 15. Is p a prime number?
False
Let y = 381847 - -24856. Is y a composite number?
True
Let f be (-2)/(-10) - (-63)/35. Let q be f + (1087 - (0 - -2)). Suppose -31*o = -32*o + q. Is o composite?
False
Let u(w) = -2*w - 5 - 13*w**3 + 11*w - 2*w - w**2 + 1. Is u(-5) a prime number?
False
Let p(l) = 18*l**2 + 5*l - 45. Let r be p(-13). Suppose -5*b = 517 - r. Suppose 0 = -5*s - 4*j + b, -4*j + 32 - 309 = -3*s. Is s prime?
False
Suppose -6 = -4*y + 2. Suppose -5811 = -y*v + g, -5*v = g - 13740 - 784. Suppose m = -4*m + v. Is m a composite number?
True
Suppose -8 = z - 6, 0 = 3*i + 3*z - 58557. Suppose i = 3*p + 2*q, -5*p = -10*p + 5*q + 32560. Is p a prime number?
False
Let x be -12 + 7 - -4 - (-762 + -1). Suppose -s = -x - 253. Suppose s = 2*w - 27. Is w composite?
False
Let w be (-1)/12*3*-12. Suppose j = 5*h + 421, -1363 = -w*j - 2*h - 3*h. Let g = j - 223. Is g a prime number?
True
Suppose 2*v - 2208 = 398. Let m = -902 + v. Let o = m - 144. Is o composite?
False
Suppose 3*w + s = 930, 2*w - s - 930 = -w. Let d = 169 + w. Is d a composite number?
False
Suppose -3*i = 2*y - 0*y, 2*i - y = 0. Let a(r) = r**2 - 13*r + 831. Is a(i) composite?
True
Let b = 114 + -230. Let m = 851 - b. Is m a composite number?
False
Suppose -5*f = -w + 41722, 11*f = -2*w + 14*f + 83423. Is w a composite number?
True
Let w(i) = 51*i**2 - 7*i + 25. Suppose 43 = 5*y - 4*r, 0 = 5*y + 4*r - 56 - 11. Is w(y) a composite number?
True
Let a be (-7 - -2)*(9 - 10). Is (-7)/(